10*h + 1001. Calculate q(42).
-7
Let b(y) = y**2 - 1467*y + 10241. Determine b(7).
21
Let a(c) = -20*c**2 - 827*c - 1835. Calculate a(-39).
-2
Let d(z) = 3*z**3 + 130*z**2 + 210*z + 1852. Calculate d(-42).
88
Let l(z) = 784*z - 427273. Give l(545).
7
Let t(y) = -84*y**2 + 52589*y - 3125. What is t(626)?
5
Let j(a) = 61*a**3 + 9075*a**2 - 2083*a + 448. Determine j(-149).
1
Let z(s) = s**3 + 100*s**2 - 95*s + 892. Calculate z(-101).
286
Let t(l) = 3*l**3 + 31*l**2 + 83*l + 189. What is t(-14)?
-3129
Let s(l) = 2*l**3 + 355*l**2 + 9866*l - 226. What is s(-143)?
-83
Let n(s) = 2*s**2 - 367*s - 2260. Determine n(192).
1004
Let h(w) = -13*w + 1199. What is h(104)?
-153
Let u(a) = a**3 + 43*a**2 - 183*a + 122. Calculate u(-47).
-113
Let y(g) = 9*g**2 - 284*g + 1196. Give y(27).
89
Let i(p) = 24*p**3 - 462*p**2 - 1600*p + 16. Determine i(-3).
10
Let p(j) = 15*j**3 + 25*j**2 + 25*j + 67. Determine p(-2).
-3
Let i(n) = -1128*n + 8071. Determine i(6).
1303
Let b(a) = -24*a**2 - 1173*a + 6513. Calculate b(-54).
-129
Let o(u) = -2*u**3 + 245*u**2 - 730*u + 5. Determine o(3).
-34
Let b(k) = 357*k**3 - 4*k**2 - 321*k + 320. Determine b(1).
352
Let m(h) = 6*h**2 - 532*h - 103006. Give m(-94).
18
Let w(u) = -3*u**3 + 19*u**2 + 125*u + 131. What is w(-3)?
8
Let w(b) = 6305*b + 220594. What is w(-35)?
-81
Let a(q) = -50*q**2 - 290*q - 226. Calculate a(-5).
-26
Let p(l) = -l**3 - 13*l**2 + 85*l + 1208. Give p(-11).
31
Let y(k) = 12*k**3 + 30*k**2 + 77*k - 513. What is y(-7)?
-3698
Let t(r) = 583*r + 5949. Give t(-14).
-2213
Let r(s) = 8752*s + 218853. Determine r(-25).
53
Let n(v) = 131*v - 5944. Determine n(46).
82
Let k(y) = -y**3 - 2*y**2 - 81596*y - 571197. Give k(-7).
220
Let m(l) = 53091*l + 265469. What is m(-5)?
14
Let p(v) = 181*v + 15855. What is p(-89)?
-254
Let j(s) = 213*s + 6963. Determine j(-33).
-66
Let s(z) = 2*z**3 - 3157*z**2 + 359385*z - 20. Give s(1455).
-20
Let q(x) = -56*x**3 - 318*x**2 + 935*x + 9. Give q(3).
-1560
Let z(v) = 12*v**2 - 143*v - 1040. Determine z(8).
-1416
Let r(v) = -4721*v + 80155. What is r(17)?
-102
Let z(h) = -h**3 + 231*h**2 - 236*h + 1178. Calculate z(230).
-202
Let m(s) = -32033*s - 384391. What is m(-12)?
5
Let w(f) = 10627*f + 21807. What is w(-2)?
553
Let x(m) = -m**3 + 66*m**2 - m - 49. What is x(0)?
-49
Let q(c) = -587*c**3 - c**2 - 6*c - 7. Give q(-1).
585
Let f(g) = -136*g**2 + 651*g + 999. What is f(6)?
9
Let f(u) = 2*u**2 + 2646*u - 86879. Determine f(32).
-159
Let k(z) = -z**3 - 103*z**2 - 2768*z - 21520. Give k(-66).
-4
Let f(s) = -20*s**2 + 255*s + 1716. Give f(-7).
-1049
Let h(o) = o**3 + 106*o**2 - 114*o + 154. Give h(-107).
903
Let i(k) = 874*k + 20919. Determine i(-24).
-57
Let a(o) = 1073*o**2 - 4225*o. Determine a(4).
268
Let c(t) = 38955*t - 545176. What is c(14)?
194
Let y(v) = -1987*v + 731208. What is y(368)?
-8
Let z(w) = w**3 - 28*w**2 + 287*w - 1099. Determine z(11).
1
Let n(x) = -x**3 + 12*x**2 + 14*x - 105. Determine n(11).
170
Let b(d) = d**2 + 121*d + 135. Determine b(-120).
15
Let s(m) = 3*m**2 - 1428*m - 682333. What is s(-295)?
2
Let f(w) = 2*w**3 - 220*w**2 - 1518*w + 839. Calculate f(-7).
-1
Let n(a) = 39*a**2 - 2280*a + 6489. What is n(3)?
0
Let h(x) = -22*x**3 + 592*x**2 + 52*x + 22. Give h(27).
-32
Let n(l) = -47*l + 698. Determine n(40).
-1182
Let s(g) = 59*g**2 + 577*g - 152. Give s(-10).
-22
Let s(r) = -990*r**3 + 11*r**2 + 60*r - 58. What is s(1)?
-977
Let i(w) = 51*w**2 + 640*w + 253. Calculate i(-12).
-83
Let b(n) = -19487*n - 331464. Give b(-17).
-185
Let h(b) = 4*b**2 - 221*b - 151200. Give h(224).
0
Let z(o) = -174*o**2 - 1200*o - 872. Calculate z(-6).
64
Let p(u) = u**2 - 7149*u + 185194. Calculate p(26).
-4
Let b(g) = 417*g**2 + 1110*g - 4875. Give b(-5).
0
Let y(z) = 65*z**2 - 5078*z + 621. Determine y(78).
-3
Let q(k) = -86*k + 4789. Give q(56).
-27
Let y(n) = n**3 - 9*n**2 + 118*n + 23. What is y(9)?
1085
Let d(k) = -k**3 + 244*k**2 + 3569*k - 58586. Give d(257).
10
Let u(j) = j**2 + 1804*j + 30466. Give u(-17).
87
Let g(r) = r**3 + 52*r**2 - 980*r + 1669. Calculate g(-67).
-6
Let a(d) = d**3 - 429*d**2 - 1888*d - 507508. What is a(436)?
-4
Let p(t) = t**3 - 10*t**2 + 62*t - 17. Determine p(13).
1296
Let k(w) = 4363*w + 4361. What is k(-1)?
-2
Let i(z) = -z**2 + 8*z - 3. Determine i(8).
-3
Let p(a) = -a**3 + 247*a**2 - 479*a - 2171. What is p(245)?
524
Let q(n) = -2*n**3 - 173*n**2 + 79665*n + 4817. Give q(161).
-13
Let g(a) = 204526*a + 19839029. Give g(-97).
7
Let x(w) = w**2 - 87754*w + 2193230. What is x(25)?
5
Let s(l) = 325221*l + 3252220. Give s(-10).
10
Let h(q) = 2*q**3 + 6*q**2 + 15*q + 68. Determine h(-4).
-24
Let f(r) = -10617*r + 10714. What is f(1)?
97
Let t(h) = 254*h + 95471. Give t(-374).
475
Let z(v) = -42*v**2 + 25*v - 46. Calculate z(2).
-164
Let f(r) = -1199*r - 69538. What is f(-58)?
4
Let k(r) = -9401*r - 423042. Calculate k(-45).
3
Let z(j) = -10*j**2 + 103*j - 285. What is z(4)?
-33
Let b(j) = -509*j - 19372. Determine b(-39).
479
Let r(m) = 25*m - 292. Give r(-1).
-317
Let a(o) = 47*o**2 - 723*o + 38. Calculate a(15).
-232
Let l(g) = -46*g**3 - 1752*g**2 - 150*g + 53. What is l(-38)?
-23
Let f(x) = 9*x**2 - 3174*x - 6344. What is f(-2)?
40
Let h(o) = -3*o**3 - 10*o**2 + 1344*o + 9338. Give h(-7).
469
Let g(u) = -2559*u + 104948. What is g(41)?
29
Let p(w) = 546*w + 2027. Determine p(-4).
-157
Let n(h) = -13*h**2 + 1416*h - 612. Determine n(108).
684
Let u(i) = -729839*i - 5838697. Give u(-8).
15
Let n(l) = 661*l + 197. Determine n(-2).
-1125
Let i(j) = -4997*j - 9951. Determine i(-2).
43
Let j(r) = -r**2 - 3742*r + 52582. Give j(14).
-2
Let m(z) = z**2 - 13*z + 2. Give m(0).
2
Let w(d) = -49*d**2 - 20*d + 3. Give w(-1).
-26
Let a(l) = 213*l**2 - 2729*l + 14. Give a(13).
534
Let m(f) = -273*f - 150. What is m(1)?
-423
Let p(v) = -111*v**2 + 6085*v - 4885. What is p(54)?
29
Let h(g) = -1547*g - 41614. Determine h(-27).
155
Let l(f) = 3*f**2 + 309*f + 4447. Determine l(-17).
61
Let z(x) = 170*x - 10356. Calculate z(63).
354
Let h(w) = 3*w**2 + 994*w + 25485. Determine h(-28).
5
Let l(w) = 435*w - 34419. Determine l(79).
-54
Let h(q) = 6*q**3 - 32*q**2 + 10*q - 11. What is h(5)?
-11
Let m(p) = -79928*p + 1039061. What is m(13)?
-3
Let a(v) = v**2 + 31387*v + 94150. Determine a(-3).
-2
Let r(b) = -217700*b - 11973495. Determine r(-55).
5
Let r(s) = -4*s**2 + 153*s - 903. What is r(31)?
-4
Let r(f) = 119*f + 19351. What is r(-162)?
73
Let m(a) = -2*a**3 + 638*a**2 - 1180*a - 226263. What is m(316)?
-7
Let z(n) = 2*n**2 - 900*n + 65171. Calculate z(91).
-167
Let y(p) = -2835*p - 16608. What is y(-6)?
402
Let p(j) = 110*j**2 + 1004*j - 49. What is p(-9)?
-175
Let i(l) = -l**2 + 1933*l - 36974. Calculate i(19).
-608
Let t(d) = -38486*d - 1616411. Determine t(-42).
1
Let n(i) = -3*i**2 + 834*i - 14111. Determine n(18).
-71
Let l(k) = -k**3 + k**2 + 74*k - 71. Calculate l(11).
-467
Let b(n) = -6004*n + 270216. Give b(45).
36
Let q(z) = 3*z**3 + 186*z**2 - 1924*z - 447. Determine q(-71).
50
Let x(c) = 38161*c + 1488283. Determine x(-39).
4
Let p(t) = t**2 - 6788*t + 576378. Calculate p(86).
6
Let u(l) = 4*l**2 + 2451*l + 63258. Calculate u(-27).
-3
Let o(g) = -23620*g + 236230. Give o(10).
30
Let c(d) = -2*d**2 + 293*d + 7507. What is c(-23)?
-290
Let r(v) = 67*v - 1185. What is r(14)?
-247
Let b(w) = -532*w - 2727. Calculate b(-6).
465
Let n(s) = 109*s**2 - 289*s - 1. Give n(-1).
397
Let u(z) = -12*z**2 - 969*z - 1682. Give u(-79).
-23
Let h(b) = -35441*b - 425310. What is h(-12)?
-18
Let n(h) = -3407*h - 20318. What is n(-6)?
124
Let s(o) = -o**3 - 6*o**2 - 1436*o - 21677. Calculate s(-14).
-5
Let z(s) = -4*s**2 + 861*s + 10424. What is z(-12)?
-484
Let x(p) = -p**2 - 239*p - 14015. Calculate x(-134).
55
Let v(p) = 61261*p - 9924285. Give v(162).
-3
Let t(q) = -2*q**2 - 19*q + 1020. Calculate t(-26).
162
Let m(x) = 3*x**2 - 297*x + 4961. Calculate m(21).
47
Let k(o) = 33899*o + 339015. Give k(-10).
25
Let w(m) = m**3 - 71*m**2 - 61*m - 47. Calculate w(72).
745
Let c(y) = 468*y - 21475. Calculate c(46).
53
Let r(l) = -699*l - 60884. Calculate r(-87).
-71
Let g(c) = 13*c**3 - 121*c**2 + 321*c - 2636. Give g(9).
-71
Let i(a) = a**3 - 2*a**2 + 135*a - 596. What is i(4)?
-24
Let b(h) = -10*h**2 - 3613*h - 4557. Calculate b(-360).
123
Let c(a) = 20*a**